lculate the highest common factor of 18 and 1662.
6
What is the greatest common divisor of 95 and 855?
95
What is the highest common divisor of 1811 and 1?
1
What is the highest common divisor of 19372 and 812?
116
What is the greatest common factor of 6859 and 133?
19
What is the greatest common divisor of 4864 and 80?
16
What is the greatest common divisor of 100 and 3580?
20
What is the greatest common divisor of 623 and 91?
7
Calculate the highest common divisor of 913 and 11.
11
What is the highest common factor of 168 and 96?
24
What is the greatest common factor of 1105 and 85?
85
Calculate the highest common divisor of 40 and 32.
8
What is the highest common divisor of 92 and 4?
4
What is the greatest common factor of 8 and 824?
8
What is the greatest common divisor of 15428 and 232?
116
What is the highest common divisor of 433 and 3?
1
Calculate the greatest common factor of 205 and 13817.
41
What is the highest common divisor of 9168 and 48?
48
What is the highest common factor of 770 and 70?
70
Calculate the greatest common divisor of 75 and 400.
25
What is the greatest common divisor of 1042 and 8?
2
What is the greatest common divisor of 5467 and 143?
11
Calculate the greatest common divisor of 40 and 130.
10
What is the highest common factor of 799 and 188?
47
Calculate the highest common divisor of 8 and 124.
4
What is the greatest common divisor of 90 and 40?
10
What is the highest common divisor of 61 and 1342?
61
What is the greatest common divisor of 28 and 161?
7
What is the highest common divisor of 19 and 31?
1
Calculate the highest common divisor of 20 and 290.
10
What is the highest common factor of 84 and 1512?
84
What is the highest common factor of 77 and 49?
7
What is the greatest common factor of 416 and 52?
52
Calculate the greatest common factor of 55 and 1661.
11
What is the highest common divisor of 82 and 41?
41
Calculate the greatest common factor of 289 and 34.
17
Calculate the highest common factor of 3596 and 232.
116
Calculate the greatest common divisor of 71 and 14768.
71
Calculate the highest common divisor of 33 and 6105.
33
What is the highest common divisor of 646 and 170?
34
Calculate the highest common factor of 18 and 549.
9
What is the highest common divisor of 210 and 84?
42
Calculate the greatest common factor of 39024 and 36.
36
What is the greatest common factor of 52 and 23582?
26
What is the greatest common factor of 6806 and 410?
82
Calculate the highest common divisor of 30814 and 62.
62
What is the greatest common divisor of 102 and 918?
102
What is the greatest common divisor of 294 and 252?
42
Calculate the highest common factor of 60 and 400.
20
What is the greatest common factor of 24 and 192?
24
What is the greatest common factor of 3397 and 158?
79
Calculate the highest common divisor of 9 and 6.
3
What is the greatest common factor of 9 and 3357?
9
Calculate the highest common factor of 656 and 287.
41
Calculate the highest common factor of 6815 and 435.
145
What is the highest common factor of 475 and 5?
5
Calculate the greatest common divisor of 20860 and 140.
140
What is the highest common factor of 608 and 80?
16
What is the highest common factor of 53 and 1961?
53
Calculate the greatest common divisor of 5 and 5.
5
What is the greatest common factor of 52 and 3484?
52
What is the highest common factor of 19 and 76?
19
What is the highest common divisor of 28 and 77?
7
Calculate the highest common divisor of 490 and 50.
10
Calculate the greatest common factor of 28 and 4.
4
What is the greatest common factor of 64 and 2544?
16
What is the highest common factor of 486 and 648?
162
Calculate the highest common factor of 96 and 2400.
96
Calculate the highest common divisor of 76 and 7372.
76
What is the greatest common factor of 1175 and 25?
25
What is the greatest common factor of 630 and 36?
18
What is the highest common factor of 3 and 225?
3
Calculate the greatest common divisor of 212 and 583.
53
Calculate the greatest common divisor of 34440 and 21.
21
What is the greatest common factor of 17 and 425?
17
Calculate the highest common factor of 7 and 511.
7
Calculate the greatest common divisor of 28680 and 24.
24
Calculate the greatest common divisor of 2280 and 45.
15
Calculate the greatest common factor of 42024 and 136.
136
What is the greatest common factor of 11 and 7?
1
Calculate the greatest common factor of 11947 and 13.
13
What is the greatest common factor of 16 and 208?
16
What is the greatest common divisor of 34 and 374?
34
What is the greatest common divisor of 3 and 167?
1
What is the greatest common factor of 6 and 1086?
6
What is the greatest common divisor of 203 and 14?
7
Calculate the highest common factor of 299 and 92.
23
Calculate the highest common divisor of 4175 and 125.
25
What is the greatest common divisor of 176 and 11?
11
Calculate the greatest common divisor of 51 and 8313.
51
What is the highest common divisor of 126 and 28?
14
What is the highest common factor of 3611 and 391?
23
Calculate the highest common factor of 74 and 185.
37
Calculate the greatest common factor of 19 and 1045.
19
What is the highest common factor of 1194 and 9?
3
Calculate the greatest common divisor of 47 and 2773.
47
Calculate the greatest common divisor of 456 and 608.
152
What is the highest common divisor of 12038 and 26?
26
Calculate the highest common factor of 23 and 82662.
23
Calculate the highest common divisor of 19 and 29032.
19
Calculate the highest common divisor of 37 and 26936.
37
Calculate the greatest common factor of 388 and 104.
4
What is the highest common factor of 26348 and 28?
28
What is the highest common divisor of 110 and 1694?
22
Calculate the highest common factor of 2 and 25.
1
What is the highest common factor of 200 and 150?
50
What is the greatest common divisor of 1600 and 325?
25
Calculate the greatest common factor of 16832 and 263.
263
What is the greatest common factor of 218 and 1199?
109
Calculate the greatest common factor of 52 and 39.
13
What is the highest common factor of 4930 and 6670?
290
What is the highest common divisor of 20 and 310?
10
What is the greatest common divisor of 38 and 703?
19
Calculate the highest common factor of 7491 and 33.
33
Calculate the greatest common divisor of 7897 and 149.
149
Calculate the highest common divisor of 483 and 420.
21
Calculate the greatest common factor of 160 and 2608.
16
What is the highest common factor of 560 and 304?
16
Calculate the greatest common divisor of 264 and 3300.
132
Calculate the highest common factor of 7381 and 183.
61
Calculate the greatest common factor of 150 and 30.
30
Calculate the highest common factor of 512 and 2336.
32
What is the highest common divisor of 450 and 750?
150
Calculate the greatest common divisor of 284 and 1917.
71
Calculate the highest common divisor of 178 and 23318.
178
Calculate the highest common divisor of 12 and 10352.
4
Calculate the greatest common divisor of 504 and 576.
72
What is the greatest common divisor of 94 and 20304?
94
Calculate the highest common divisor of 685 and 25.
5
What is the highest common factor of 15 and 15?
15
Calculate the greatest common divisor of 483 and 345.
69
Calculate the highest common divisor of 128 and 12.
4
What is the greatest common divisor of 11461 and 146?
73
What is the highest common divisor of 12654 and 27?
9
Calculate the greatest common factor of 638 and 44.
22
What is the greatest common divisor of 46 and 1978?
46
What is the greatest common factor of 21 and 336?
21
What is the highest common factor of 950 and 50?
50
Calculate the greatest common factor of 28 and 1204.
28
What is the highest common divisor of 14 and 49406?
14
What is the greatest common divisor of 114 and 18?
6
Calculate the highest common divisor of 273 and 221.
13
What is the highest common factor of 1189 and 116?
29
What is the highest common factor of 34 and 14297?
17
What is the highest common divisor of 2 and 22?
2
What is the highest common divisor of 10 and 13780?
10
What is the greatest common divisor of 415 and 5?
5
What is the greatest common divisor of 111 and 851?
37
What is the greatest common factor of 2151 and 27?
9
What is the greatest common divisor of 187 and 425?
17
Calculate the greatest 